[INFO] cloning repository https://github.com/bon-chi/pingpong
[INFO] running `Command { std: "git" "-c" "credential.helper=" "-c" "credential.helper=/workspace/cargo-home/bin/git-credential-null" "clone" "--bare" "https://github.com/bon-chi/pingpong" "/workspace/cache/git-repos/https%3A%2F%2Fgithub.com%2Fbon-chi%2Fpingpong", kill_on_drop: false }`
[INFO] [stderr] Cloning into bare repository '/workspace/cache/git-repos/https%3A%2F%2Fgithub.com%2Fbon-chi%2Fpingpong'...
[INFO] running `Command { std: "git" "rev-parse" "HEAD", kill_on_drop: false }`
[INFO] [stdout] 418c6db3ff3408172917d1ba3a913cdcd68265c3
[INFO] checking bon-chi/pingpong against master#af3c6e733a40e671550e0f0f5aeecaa13772ba56 for pr-74989
[INFO] running `Command { std: "git" "clone" "/workspace/cache/git-repos/https%3A%2F%2Fgithub.com%2Fbon-chi%2Fpingpong" "/workspace/builds/worker-3/source", kill_on_drop: false }`
[INFO] [stderr] Cloning into '/workspace/builds/worker-3/source'...
[INFO] [stderr] done.
[INFO] validating manifest of git repo https://github.com/bon-chi/pingpong on toolchain af3c6e733a40e671550e0f0f5aeecaa13772ba56
[INFO] running `Command { std: "/workspace/cargo-home/bin/cargo" "+af3c6e733a40e671550e0f0f5aeecaa13772ba56" "read-manifest" "--manifest-path" "Cargo.toml", kill_on_drop: false }`
[INFO] started tweaking git repo https://github.com/bon-chi/pingpong
[INFO] finished tweaking git repo https://github.com/bon-chi/pingpong
[INFO] tweaked toml for git repo https://github.com/bon-chi/pingpong written to /workspace/builds/worker-3/source/Cargo.toml
[INFO] crate git repo https://github.com/bon-chi/pingpong already has a lockfile, it will not be regenerated
[INFO] running `Command { std: "/workspace/cargo-home/bin/cargo" "+af3c6e733a40e671550e0f0f5aeecaa13772ba56" "fetch" "--locked" "--manifest-path" "Cargo.toml", kill_on_drop: false }`
[INFO] [stderr] error: the lock file /workspace/builds/worker-3/source/Cargo.lock needs to be updated but --locked was passed to prevent this
[INFO] [stderr] If you want to try to generate the lock file without accessing the network, use the --offline flag.
[INFO] the lockfile is outdated, regenerating it
[INFO] running `Command { std: "/workspace/cargo-home/bin/cargo" "+af3c6e733a40e671550e0f0f5aeecaa13772ba56" "generate-lockfile" "--manifest-path" "Cargo.toml" "-Zno-index-update", kill_on_drop: false }`
[INFO] running `Command { std: "/workspace/cargo-home/bin/cargo" "+af3c6e733a40e671550e0f0f5aeecaa13772ba56" "fetch" "--locked" "--manifest-path" "Cargo.toml", kill_on_drop: false }`
[INFO] running `Command { std: "docker" "create" "-v" "/var/lib/crater-agent-workspace/builds/worker-3/target:/opt/rustwide/target:rw,Z" "-v" "/var/lib/crater-agent-workspace/builds/worker-3/source:/opt/rustwide/workdir:ro,Z" "-v" "/var/lib/crater-agent-workspace/cargo-home:/opt/rustwide/cargo-home:ro,Z" "-v" "/var/lib/crater-agent-workspace/rustup-home:/opt/rustwide/rustup-home:ro,Z" "-e" "SOURCE_DIR=/opt/rustwide/workdir" "-e" "CARGO_TARGET_DIR=/opt/rustwide/target" "-e" "CARGO_HOME=/opt/rustwide/cargo-home" "-e" "RUSTUP_HOME=/opt/rustwide/rustup-home" "-w" "/opt/rustwide/workdir" "-m" "1610612736" "--user" "0:0" "--network" "none" "rustops/crates-build-env@sha256:d92eaeed33fa75130ca1ee6c8a01d1ffb62bac859dfdfb3450e3e5d1c0146529" "/opt/rustwide/cargo-home/bin/cargo" "+af3c6e733a40e671550e0f0f5aeecaa13772ba56" "metadata" "--no-deps" "--format-version=1", kill_on_drop: false }`
[INFO] [stderr] WARNING: Your kernel does not support swap limit capabilities or the cgroup is not mounted. Memory limited without swap.
[INFO] [stdout] a9bb02eb0d0885f03d0537ea5db5b6ab4ba8116655d7ee61e8c0bae1d78c7285
[INFO] running `Command { std: "docker" "start" "-a" "a9bb02eb0d0885f03d0537ea5db5b6ab4ba8116655d7ee61e8c0bae1d78c7285", kill_on_drop: false }`
[INFO] running `Command { std: "docker" "inspect" "a9bb02eb0d0885f03d0537ea5db5b6ab4ba8116655d7ee61e8c0bae1d78c7285", kill_on_drop: false }`
[INFO] running `Command { std: "docker" "rm" "-f" "a9bb02eb0d0885f03d0537ea5db5b6ab4ba8116655d7ee61e8c0bae1d78c7285", kill_on_drop: false }`
[INFO] [stdout] a9bb02eb0d0885f03d0537ea5db5b6ab4ba8116655d7ee61e8c0bae1d78c7285
[INFO] running `Command { std: "docker" "create" "-v" "/var/lib/crater-agent-workspace/builds/worker-3/target:/opt/rustwide/target:rw,Z" "-v" "/var/lib/crater-agent-workspace/builds/worker-3/source:/opt/rustwide/workdir:ro,Z" "-v" "/var/lib/crater-agent-workspace/cargo-home:/opt/rustwide/cargo-home:ro,Z" "-v" "/var/lib/crater-agent-workspace/rustup-home:/opt/rustwide/rustup-home:ro,Z" "-e" "SOURCE_DIR=/opt/rustwide/workdir" "-e" "CARGO_TARGET_DIR=/opt/rustwide/target" "-e" "CARGO_INCREMENTAL=0" "-e" "RUST_BACKTRACE=full" "-e" "RUSTFLAGS=--cap-lints=forbid" "-e" "CARGO_HOME=/opt/rustwide/cargo-home" "-e" "RUSTUP_HOME=/opt/rustwide/rustup-home" "-w" "/opt/rustwide/workdir" "-m" "1610612736" "--user" "0:0" "--network" "none" "rustops/crates-build-env@sha256:d92eaeed33fa75130ca1ee6c8a01d1ffb62bac859dfdfb3450e3e5d1c0146529" "/opt/rustwide/cargo-home/bin/cargo" "+af3c6e733a40e671550e0f0f5aeecaa13772ba56" "check" "--frozen" "--all" "--all-targets" "--message-format=json", kill_on_drop: false }`
[INFO] [stdout] 47b9e2057d258607aaa982bd00007a42d5838925859d7a2959bb968b6da5ea48
[INFO] [stderr] WARNING: Your kernel does not support swap limit capabilities or the cgroup is not mounted. Memory limited without swap.
[INFO] running `Command { std: "docker" "start" "-a" "47b9e2057d258607aaa982bd00007a42d5838925859d7a2959bb968b6da5ea48", kill_on_drop: false }`
[INFO] [stderr]    Compiling log v0.4.11
[INFO] [stderr]     Checking libc v0.1.12
[INFO] [stderr]     Checking bitflags v0.1.1
[INFO] [stderr]     Checking bytes v0.2.11
[INFO] [stderr]     Checking slab v0.1.3
[INFO] [stderr]     Checking time v0.1.44
[INFO] [stderr]     Checking winapi v0.1.23
[INFO] [stderr]     Checking nix v0.3.10
[INFO] [stderr]     Checking log v0.3.9
[INFO] [stderr]     Checking mio v0.4.4
[INFO] [stderr]     Checking pingpong v0.1.0 (/opt/rustwide/workdir)
[INFO] [stdout] error[E0412]: cannot find type `Slab` in this scope
[INFO] [stdout]  --> src/main.rs:9:18
[INFO] [stdout]   |
[INFO] [stdout] 9 |     connections: Slab<Connection>,
[INFO] [stdout]   |                  ^^^^ not found in this scope
[INFO] [stdout]   |
[INFO] [stdout] help: consider importing this type alias
[INFO] [stdout]   |
[INFO] [stdout] 3 | use mio::util::Slab;
[INFO] [stdout]   |
[INFO] [stdout] 
[INFO] [stdout] 
[INFO] [stdout] error[E0412]: cannot find type `Connection` in this scope
[INFO] [stdout]  --> src/main.rs:9:23
[INFO] [stdout]   |
[INFO] [stdout] 7 | struct Pong {
[INFO] [stdout]   |            - help: you might be missing a type parameter: `<Connection>`
[INFO] [stdout] 8 |     server: TcpListener,
[INFO] [stdout] 9 |     connections: Slab<Connection>,
[INFO] [stdout]   |                       ^^^^^^^^^^ not found in this scope
[INFO] [stdout] 
[INFO] [stdout] 
[INFO] [stdout] error[E0412]: cannot find type `Slab` in this scope
[INFO] [stdout]  --> src/main.rs:9:18
[INFO] [stdout]   |
[INFO] [stdout] 9 |     connections: Slab<Connection>,
[INFO] [stdout]   |                  ^^^^ not found in this scope
[INFO] [stdout]   |
[INFO] [stdout] help: consider importing this type alias
[INFO] [stdout]   |
[INFO] [stdout] 3 | use mio::util::Slab;
[INFO] [stdout]   |
[INFO] [stdout] 
[INFO] [stdout] 
[INFO] [stdout] error[E0412]: cannot find type `Connection` in this scope
[INFO] [stdout]  --> src/main.rs:9:23
[INFO] [stdout]   |
[INFO] [stdout] 7 | struct Pong {
[INFO] [stdout]   |            - help: you might be missing a type parameter: `<Connection>`
[INFO] [stdout] 8 |     server: TcpListener,
[INFO] [stdout] 9 |     connections: Slab<Connection>,
[INFO] [stdout]   |                       ^^^^^^^^^^ not found in this scope
[INFO] [stdout] 
[INFO] [stdout] 
[INFO] [stdout] error[E0053]: method `ready` has an incompatible type for trait
[INFO] [stdout]   --> src/main.rs:16:5
[INFO] [stdout]    |
[INFO] [stdout] 16 | /     fn ready(&mut self,
[INFO] [stdout] 17 | |              event_loop: &mio::EventLoop<Pong>,
[INFO] [stdout] 18 | |              token: mio::Token,
[INFO] [stdout] 19 | |              events: mio::EventSet) {
[INFO] [stdout] ...  |
[INFO] [stdout] 39 | |         }
[INFO] [stdout] 40 | |     }
[INFO] [stdout]    | |_____^ types differ in mutability
[INFO] [stdout]    |
[INFO] [stdout]    = note: expected fn pointer `fn(&mut Pong, &mut EventLoop<Pong>, Token, EventSet)`
[INFO] [stdout]               found fn pointer `fn(&mut Pong, &EventLoop<Pong>, Token, EventSet)`
[INFO] [stdout] 
[INFO] [stdout] 
[INFO] [stdout] error[E0063]: missing field `connections` in initializer of `Pong`
[INFO] [stdout]   --> src/main.rs:51:25
[INFO] [stdout]    |
[INFO] [stdout] 51 |     event_loop.run(&mut Pong { server: server });
[INFO] [stdout]    |                         ^^^^ missing `connections`
[INFO] [stdout] 
[INFO] [stdout] 
[INFO] [stdout] error: aborting due to 4 previous errors
[INFO] [stdout] 
[INFO] [stdout] 
[INFO] [stdout] Some errors have detailed explanations: E0053, E0063, E0412.
[INFO] [stdout] 
[INFO] [stdout] For more information about an error, try `rustc --explain E0053`.
[INFO] [stdout] 
[INFO] [stderr] error: could not compile `pingpong`.
[INFO] [stderr] 
[INFO] [stderr] To learn more, run the command again with --verbose.
[INFO] [stderr] warning: build failed, waiting for other jobs to finish...
[INFO] [stdout] error[E0053]: method `ready` has an incompatible type for trait
[INFO] [stdout]   --> src/main.rs:16:5
[INFO] [stdout]    |
[INFO] [stdout] 16 | /     fn ready(&mut self,
[INFO] [stdout] 17 | |              event_loop: &mio::EventLoop<Pong>,
[INFO] [stdout] 18 | |              token: mio::Token,
[INFO] [stdout] 19 | |              events: mio::EventSet) {
[INFO] [stdout] ...  |
[INFO] [stdout] 39 | |         }
[INFO] [stdout] 40 | |     }
[INFO] [stdout]    | |_____^ types differ in mutability
[INFO] [stdout]    |
[INFO] [stdout]    = note: expected fn pointer `fn(&mut Pong, &mut EventLoop<Pong>, Token, EventSet)`
[INFO] [stdout]               found fn pointer `fn(&mut Pong, &EventLoop<Pong>, Token, EventSet)`
[INFO] [stdout] 
[INFO] [stdout] 
[INFO] [stdout] error[E0063]: missing field `connections` in initializer of `Pong`
[INFO] [stdout]   --> src/main.rs:51:25
[INFO] [stdout]    |
[INFO] [stdout] 51 |     event_loop.run(&mut Pong { server: server });
[INFO] [stdout]    |                         ^^^^ missing `connections`
[INFO] [stdout] 
[INFO] [stdout] 
[INFO] [stdout] error: aborting due to 4 previous errors
[INFO] [stdout] 
[INFO] [stdout] 
[INFO] [stdout] Some errors have detailed explanations: E0053, E0063, E0412.
[INFO] [stdout] 
[INFO] [stdout] For more information about an error, try `rustc --explain E0053`.
[INFO] [stdout] 
[INFO] [stderr] error: build failed
[INFO] running `Command { std: "docker" "inspect" "47b9e2057d258607aaa982bd00007a42d5838925859d7a2959bb968b6da5ea48", kill_on_drop: false }`
[INFO] running `Command { std: "docker" "rm" "-f" "47b9e2057d258607aaa982bd00007a42d5838925859d7a2959bb968b6da5ea48", kill_on_drop: false }`
[INFO] [stdout] 47b9e2057d258607aaa982bd00007a42d5838925859d7a2959bb968b6da5ea48
